{"id":435,"date":"2019-08-01T14:35:22","date_gmt":"2019-08-01T12:35:22","guid":{"rendered":"http:\/\/www.ecole-stmaurice.fr\/?page_id=435"},"modified":"2023-05-14T21:24:15","modified_gmt":"2023-05-14T19:24:15","slug":"pourquoi-rejoindre-logec","status":"publish","type":"page","link":"https:\/\/www.ecole-stmaurice.fr\/index.php\/pourquoi-rejoindre-logec\/","title":{"rendered":"Pourquoi rejoindre l&rsquo;OGEC ?"},"content":{"rendered":"\n<p>Les b\u00e9n\u00e9voles de l&rsquo;OGEC sont essentiellement des parents d&rsquo;\u00e9l\u00e8ves ou d&rsquo;anciens \u00e9l\u00e8ves, mais il peut \u00e9galement s&rsquo;agir de toute personne d\u00e9sirant s&rsquo;investir dans du b\u00e9n\u00e9volat en mettant en \u0153uvre ses comp\u00e9tences en mati\u00e8re de gestion, ressources humaines, immobilier \u2026<br>Il s&rsquo;agit d&rsquo;un engagement totalement d\u00e9sint\u00e9ress\u00e9. <\/p>\n\n\n\n<ul class=\"wp-block-list\">\n<li><strong>\u00catre membre de l&rsquo;OGEC : <\/strong>c&rsquo;est \u00eatre membre de la communaut\u00e9 \u00e9ducative, contribuer \u00e0 l&rsquo;\u00e9laboration du projet \u00e9ducatif dans le cadre du projet d&rsquo;\u00e9tablissement en partenariat avec le chef d&rsquo;\u00e9tablissement, \u00eatre \u00e0 l&rsquo;\u00e9coute des attentes et des besoins des membres de la communaut\u00e9, participer \u00e0 la r\u00e9flexion sur les questions strat\u00e9giques pour envisager les \u00e9volutions utiles \u00e0 l&rsquo;\u00e9tablissement.<br>C&rsquo;est aussi percevoir les besoins nouveaux quant \u00e0 l&rsquo;am\u00e9nagement des b\u00e2timents scolaires et leurs \u00e9quipements et collaborer avec tous les  parents d&rsquo;\u00e9l\u00e8ves au projet d&rsquo;\u00e9tablissement. <\/li>\n\n\n\n<li><strong> Pourquoi nous rejoindre\u00a0?<\/strong>\n<ul class=\"wp-block-list\">\n<li>pour une participation active \u00e0 la vie de notre \u00e9cole et parce que les  parents sont un \u00e9l\u00e9ment moteur pour elle<\/li>\n\n\n\n<li>pour mettre vos comp\u00e9tences au service de l&rsquo;OGEC et participer r\u00e9guli\u00e8rement aux r\u00e9unions du C.A.\u00a0<\/li>\n\n\n\n<li>pour \u00eatre solidaire et porter les choix de son \u00e9tablissement.<\/li>\n<\/ul>\n<\/li>\n\n\n\n<li><strong>Comment nous rejoindre\u00a0? <\/strong>Simplement en prenant contact avec le Bureau de l&rsquo;OGEC ou en participant \u00e0 un C.A. de l\u2019OGEC.<\/li>\n<\/ul>\n\n\n\n<p><strong>Contact mail du Bureau de l&rsquo;OGEC <\/strong>: ogec@ecole-stmaurice.fr<\/p>\n","protected":false},"excerpt":{"rendered":"<p>Les b\u00e9n\u00e9voles de l&rsquo;OGEC sont essentiellement des parents d&rsquo;\u00e9l\u00e8ves ou d&rsquo;anciens \u00e9l\u00e8ves, mais il peut \u00e9galement s&rsquo;agir de toute personne d\u00e9sirant s&rsquo;investir dans du b\u00e9n\u00e9volat en mettant en \u0153uvre ses comp\u00e9tences en mati\u00e8re de gestion, ressources humaines, immobilier \u2026Il s&rsquo;agit d&rsquo;un engagement totalement d\u00e9sint\u00e9ress\u00e9. Contact mail du Bureau de l&rsquo;OGEC : ogec@ecole-stmaurice.fr<\/p>\n","protected":false},"author":1,"featured_media":0,"parent":0,"menu_order":0,"comment_status":"closed","ping_status":"closed","template":"","meta":{"footnotes":""},"class_list":["post-435","page","type-page","status-publish","hentry"],"_links":{"self":[{"href":"https:\/\/www.ecole-stmaurice.fr\/index.php\/wp-json\/wp\/v2\/pages\/435","targetHints":{"allow":["GET"]}}],"collection":[{"href":"https:\/\/www.ecole-stmaurice.fr\/index.php\/wp-json\/wp\/v2\/pages"}],"about":[{"href":"https:\/\/www.ecole-stmaurice.fr\/index.php\/wp-json\/wp\/v2\/types\/page"}],"author":[{"embeddable":true,"href":"https:\/\/www.ecole-stmaurice.fr\/index.php\/wp-json\/wp\/v2\/users\/1"}],"replies":[{"embeddable":true,"href":"https:\/\/www.ecole-stmaurice.fr\/index.php\/wp-json\/wp\/v2\/comments?post=435"}],"version-history":[{"count":4,"href":"https:\/\/www.ecole-stmaurice.fr\/index.php\/wp-json\/wp\/v2\/pages\/435\/revisions"}],"predecessor-version":[{"id":1649,"href":"https:\/\/www.ecole-stmaurice.fr\/index.php\/wp-json\/wp\/v2\/pages\/435\/revisions\/1649"}],"wp:attachment":[{"href":"https:\/\/www.ecole-stmaurice.fr\/index.php\/wp-json\/wp\/v2\/media?parent=435"}],"curies":[{"name":"wp","href":"https:\/\/api.w.org\/{rel}","templated":true}]}}