{"id":1515,"date":"2021-10-25T09:52:20","date_gmt":"2021-10-25T07:52:20","guid":{"rendered":"https:\/\/www.ecole-stmaurice.fr\/?page_id=1515"},"modified":"2025-11-28T14:05:47","modified_gmt":"2025-11-28T13:05:47","slug":"inscriptions","status":"publish","type":"page","link":"https:\/\/www.ecole-stmaurice.fr\/index.php\/inscriptions\/","title":{"rendered":"Inscriptions"},"content":{"rendered":"\n<p>Chers parents,<\/p>\n\n\n\n<p>Vous souhaitez inscrire votre enfant dans notre \u00e9tablissement pour l&rsquo;ann\u00e9e scolaire 2026 \/ 2027, nous vous remercions de votre confiance et de l&rsquo;int\u00e9r\u00eat que vous portez \u00e0 notre projet \u00e9ducatif.<\/p>\n\n\n\n<p>Les demandes d&rsquo;inscription dans notre \u00e9tablissement commenceront <strong>ce mardi 4 novembre<\/strong> <strong>2025<\/strong>.<\/p>\n\n\n\n<p>Veuillez pr\u00e9parer au pr\u00e9alable&nbsp;:<\/p>\n\n\n\n<ul class=\"wp-block-list\">\n<li>une lettre de motivation<\/li>\n\n\n\n<li>une copie du livret de famille<\/li>\n\n\n\n<li>une copie du livret scolaire pour les demandes de CP \u00e0 CM2.<\/li>\n<\/ul>\n\n\n\n<p>Merci de compl\u00e9ter le formulaire en ligne via le lien ci-dessous : <\/p>\n\n\n\n<p><a href=\"https:\/\/preinscriptions.ecoledirecte.com\/?RNE=0693829M&amp;ETAB=ECOLE\">https:\/\/preinscriptions.ecoledirecte.com\/?RNE=0693829M&amp;ETAB=ECOLE<\/a><\/p>\n\n\n\n<p>Nous contacterons fin novembre les familles d&rsquo;enfants entrant en petite section et CP, classes pour lesquelles nous avons toujours des places disponibles, dans l\u2019ordre des demandes.<\/p>\n\n\n\n<p>Pour les autres classes, les places disponibles sont li\u00e9es aux d\u00e9parts de familles de l\u2019\u00e9cole. Nous contacterons les familles en fonction des places disponibles et de l&rsquo;ordre des demandes. Nous pouvons vous contacter jusqu\u2019au mois de juillet. Nous gardons vos demandes sur liste d&rsquo;attente.<\/p>\n\n\n\n<p>Vous pouvez trouver sur notre site toutes les informations relatives aux questions administratives, convention de scolarisation, frais de scolarit\u00e9, projet \u00e9ducatif, horaires \u2026<\/p>\n\n\n\n<p><strong>NB : <\/strong>Nous accueillons seulement les enfants n\u00e9s en 2023 ou avant. <\/p>\n\n\n\n<p>Nous n&rsquo;avons pas de classe de toute petite section. <\/p>\n\n\n\n<p>Il est possible de cumuler garderie et cantine le m\u00eame jour d\u00e8s la petite section.<\/p>\n\n\n\n<p>Ces demandes d&rsquo;inscription ne seront valables que pour une demande d&rsquo;inscription pour l&rsquo;ann\u00e9e scolaire 2026 \/ 2027.<\/p>\n","protected":false},"excerpt":{"rendered":"<p>Chers parents, Vous souhaitez inscrire votre enfant dans notre \u00e9tablissement pour l&rsquo;ann\u00e9e scolaire 2026 \/ 2027, nous vous remercions de votre confiance et de l&rsquo;int\u00e9r\u00eat que vous portez \u00e0 notre projet \u00e9ducatif. Les demandes d&rsquo;inscription dans notre \u00e9tablissement commenceront ce mardi 4 novembre 2025. Veuillez pr\u00e9parer au pr\u00e9alable&nbsp;: Merci de compl\u00e9ter le formulaire en ligne<\/p>\n<p><a href=\"https:\/\/www.ecole-stmaurice.fr\/index.php\/inscriptions\/\" class=\"more-link\">Lire la suite<\/a><\/p>\n","protected":false},"author":2,"featured_media":0,"parent":0,"menu_order":0,"comment_status":"closed","ping_status":"closed","template":"","meta":{"footnotes":""},"class_list":["post-1515","page","type-page","status-publish","hentry"],"_links":{"self":[{"href":"https:\/\/www.ecole-stmaurice.fr\/index.php\/wp-json\/wp\/v2\/pages\/1515","targetHints":{"allow":["GET"]}}],"collection":[{"href":"https:\/\/www.ecole-stmaurice.fr\/index.php\/wp-json\/wp\/v2\/pages"}],"about":[{"href":"https:\/\/www.ecole-stmaurice.fr\/index.php\/wp-json\/wp\/v2\/types\/page"}],"author":[{"embeddable":true,"href":"https:\/\/www.ecole-stmaurice.fr\/index.php\/wp-json\/wp\/v2\/users\/2"}],"replies":[{"embeddable":true,"href":"https:\/\/www.ecole-stmaurice.fr\/index.php\/wp-json\/wp\/v2\/comments?post=1515"}],"version-history":[{"count":33,"href":"https:\/\/www.ecole-stmaurice.fr\/index.php\/wp-json\/wp\/v2\/pages\/1515\/revisions"}],"predecessor-version":[{"id":1826,"href":"https:\/\/www.ecole-stmaurice.fr\/index.php\/wp-json\/wp\/v2\/pages\/1515\/revisions\/1826"}],"wp:attachment":[{"href":"https:\/\/www.ecole-stmaurice.fr\/index.php\/wp-json\/wp\/v2\/media?parent=1515"}],"curies":[{"name":"wp","href":"https:\/\/api.w.org\/{rel}","templated":true}]}}