{"id":12,"date":"2019-06-18T21:38:41","date_gmt":"2019-06-18T19:38:41","guid":{"rendered":"http:\/\/www.wordpress.ecole-stmaurice.fr\/?page_id=12"},"modified":"2026-09-04T15:55:25","modified_gmt":"2026-09-04T13:55:25","slug":"mot-de-la-directrice","status":"publish","type":"page","link":"https:\/\/www.ecole-stmaurice.fr\/index.php\/mot-de-la-directrice\/","title":{"rendered":"Le mot de la directrice"},"content":{"rendered":"\n<p class=\"has-text-align-center\"><strong>Bienvenue \u00e0 l&rsquo;\u00e9cole Saint Maurice !<\/strong><\/p>\n\n\n\n<p>Chers \u00e9l\u00e8ves, chers parents,<\/p>\n\n\n\n<p>C&rsquo;est avec beaucoup de joie et d&rsquo;enthousiasme que je vous souhaite la bienvenue \u00e0 l&rsquo;\u00e9cole Saint Maurice pour cette nouvelle ann\u00e9e scolaire.<\/p>\n\n\n\n<p>Cette rentr\u00e9e rev\u00eat pour moi une signification toute particuli\u00e8re puisque j&rsquo;ai l&rsquo;honneur de rejoindre cette belle communaut\u00e9 \u00e9ducative en tant que nouvelle cheffe d&rsquo;\u00e9tablissement. Je suis heureuse de pouvoir \u00e9crire avec vous une nouvelle page de l&rsquo;histoire de notre \u00e9cole, riche de ses valeurs, de son dynamisme et de son engagement au service des enfants.<\/p>\n\n\n\n<p>Une \u00e9cole ne se r\u00e9sume pas \u00e0 un lieu d&rsquo;enseignement ; elle est avant tout un lieu de vie, de rencontres, de d\u00e9couvertes et de croissance humaine. Chaque enfant y est accueilli dans son unicit\u00e9, avec ses talents, ses fragilit\u00e9s, ses questionnements et ses aspirations.<\/p>\n\n\n\n<p>\u00c0 l&rsquo;\u00e9cole Saint Maurice, nous avons l&rsquo;ambition d&rsquo;accompagner chaque \u00e9l\u00e8ve vers la r\u00e9ussite, en conjuguant&nbsp;bienveillance et exigence. Nous souhaitons permettre \u00e0 chacun de progresser \u00e0 son rythme, de d\u00e9velopper la confiance en soi, le go\u00fbt de l&rsquo;effort, la curiosit\u00e9 et le plaisir d&rsquo;apprendre.<\/p>\n\n\n\n<p>Cette mission ne peut \u00eatre men\u00e9e qu&rsquo;ensemble. Je sais pouvoir compter sur l&rsquo;engagement et le professionnalisme de l&rsquo;\u00e9quipe enseignante ainsi que sur l&rsquo;investissement de l&rsquo;ensemble des personnels qui \u0153uvrent quotidiennement au bien-\u00eatre et \u00e0 l&rsquo;\u00e9panouissement des enfants.<\/p>\n\n\n\n<p>Je souhaite \u00e9galement que le lien entre l&rsquo;\u00e9cole et les familles demeure un v\u00e9ritable partenariat fond\u00e9 sur la confiance, le dialogue et l&rsquo;\u00e9coute mutuelle. Parce qu&rsquo;\u00e9duquer est une responsabilit\u00e9 partag\u00e9e, nous avons besoin les uns des autres pour permettre \u00e0 chaque enfant de grandir sereinement et de r\u00e9v\u00e9ler le meilleur de lui-m\u00eame.<\/p>\n\n\n\n<p>\u00c9cole catholique ouverte \u00e0 tous, Saint Maurice puise son inspiration dans les valeurs de l&rsquo;\u00c9vangile. Nous avons \u00e0 c\u0153ur de faire vivre un climat de respect, de solidarit\u00e9, d&rsquo;attention aux autres et d&rsquo;esp\u00e9rance, dans lequel chacun trouve sa place et puisse grandir humainement et spirituellement.<\/p>\n\n\n\n<p>Cette ann\u00e9e, nous aurons la joie d&rsquo;accompagner pr\u00e8s de&nbsp;300 \u00e9l\u00e8ves, de la Petite Section au CM2, sur le chemin des apprentissages, mais aussi sur celui de la construction de leur personnalit\u00e9 et de leur avenir.<\/p>\n\n\n\n<p>Je forme le v\u0153u que cette nouvelle ann\u00e9e scolaire soit pour chacun une ann\u00e9e riche de d\u00e9couvertes, de r\u00e9ussites, de projets partag\u00e9s et de belles rencontres.<\/p>\n\n\n\n<p>Tr\u00e8s belle ann\u00e9e scolaire \u00e0 toutes et \u00e0 tous.<\/p>\n\n\n\n<p>Marie-Andr\u00e9e Gagner\u00e9<\/p>\n\n\n\n<p>Cheffe d\u2019\u00e9tablissement<\/p>\n\n\n\n<p><\/p>\n","protected":false},"excerpt":{"rendered":"<p>Bienvenue \u00e0 l&rsquo;\u00e9cole Saint Maurice ! Chers \u00e9l\u00e8ves, chers parents, C&rsquo;est avec beaucoup de joie et d&rsquo;enthousiasme que je vous souhaite la bienvenue \u00e0 l&rsquo;\u00e9cole Saint Maurice pour cette nouvelle ann\u00e9e scolaire. Cette rentr\u00e9e rev\u00eat pour moi une signification toute particuli\u00e8re puisque j&rsquo;ai l&rsquo;honneur de rejoindre cette belle communaut\u00e9 \u00e9ducative en tant que nouvelle cheffe<\/p>\n<p><a href=\"https:\/\/www.ecole-stmaurice.fr\/index.php\/mot-de-la-directrice\/\" class=\"more-link\">Lire la suite<\/a><\/p>\n","protected":false},"author":1,"featured_media":0,"parent":0,"menu_order":0,"comment_status":"closed","ping_status":"closed","template":"","meta":{"footnotes":""},"class_list":["post-12","page","type-page","status-publish","hentry"],"_links":{"self":[{"href":"https:\/\/www.ecole-stmaurice.fr\/index.php\/wp-json\/wp\/v2\/pages\/12","targetHints":{"allow":["GET"]}}],"collection":[{"href":"https:\/\/www.ecole-stmaurice.fr\/index.php\/wp-json\/wp\/v2\/pages"}],"about":[{"href":"https:\/\/www.ecole-stmaurice.fr\/index.php\/wp-json\/wp\/v2\/types\/page"}],"author":[{"embeddable":true,"href":"https:\/\/www.ecole-stmaurice.fr\/index.php\/wp-json\/wp\/v2\/users\/1"}],"replies":[{"embeddable":true,"href":"https:\/\/www.ecole-stmaurice.fr\/index.php\/wp-json\/wp\/v2\/comments?post=12"}],"version-history":[{"count":13,"href":"https:\/\/www.ecole-stmaurice.fr\/index.php\/wp-json\/wp\/v2\/pages\/12\/revisions"}],"predecessor-version":[{"id":1877,"href":"https:\/\/www.ecole-stmaurice.fr\/index.php\/wp-json\/wp\/v2\/pages\/12\/revisions\/1877"}],"wp:attachment":[{"href":"https:\/\/www.ecole-stmaurice.fr\/index.php\/wp-json\/wp\/v2\/media?parent=12"}],"curies":[{"name":"wp","href":"https:\/\/api.w.org\/{rel}","templated":true}]}}

<p class="has-text-align-center"><strong>Bienvenue à l&rsquo;école Saint Maurice !</strong></p>



<p>Chers élèves, chers parents,</p>



<p>C&rsquo;est avec beaucoup de joie et d&rsquo;enthousiasme que je vous souhaite la bienvenue à l&rsquo;école Saint Maurice pour cette nouvelle année scolaire.</p>



<p>Cette rentrée revêt pour moi une signification toute particulière puisque j&rsquo;ai l&rsquo;honneur de rejoindre cette belle communauté éducative en tant que nouvelle cheffe d&rsquo;établissement. Je suis heureuse de pouvoir écrire avec vous une nouvelle page de l&rsquo;histoire de notre école, riche de ses valeurs, de son dynamisme et de son engagement au service des enfants.</p>



<p>Une école ne se résume pas à un lieu d&rsquo;enseignement ; elle est avant tout un lieu de vie, de rencontres, de découvertes et de croissance humaine. Chaque enfant y est accueilli dans son unicité, avec ses talents, ses fragilités, ses questionnements et ses aspirations.</p>



<p>À l&rsquo;école Saint Maurice, nous avons l&rsquo;ambition d&rsquo;accompagner chaque élève vers la réussite, en conjuguant&nbsp;bienveillance et exigence. Nous souhaitons permettre à chacun de progresser à son rythme, de développer la confiance en soi, le goût de l&rsquo;effort, la curiosité et le plaisir d&rsquo;apprendre.</p>



<p>Cette mission ne peut être menée qu&rsquo;ensemble. Je sais pouvoir compter sur l&rsquo;engagement et le professionnalisme de l&rsquo;équipe enseignante ainsi que sur l&rsquo;investissement de l&rsquo;ensemble des personnels qui œuvrent quotidiennement au bien-être et à l&rsquo;épanouissement des enfants.</p>



<p>Je souhaite également que le lien entre l&rsquo;école et les familles demeure un véritable partenariat fondé sur la confiance, le dialogue et l&rsquo;écoute mutuelle. Parce qu&rsquo;éduquer est une responsabilité partagée, nous avons besoin les uns des autres pour permettre à chaque enfant de grandir sereinement et de révéler le meilleur de lui-même.</p>



<p>École catholique ouverte à tous, Saint Maurice puise son inspiration dans les valeurs de l&rsquo;Évangile. Nous avons à cœur de faire vivre un climat de respect, de solidarité, d&rsquo;attention aux autres et d&rsquo;espérance, dans lequel chacun trouve sa place et puisse grandir humainement et spirituellement.</p>



<p>Cette année, nous aurons la joie d&rsquo;accompagner près de&nbsp;300 élèves, de la Petite Section au CM2, sur le chemin des apprentissages, mais aussi sur celui de la construction de leur personnalité et de leur avenir.</p>



<p>Je forme le vœu que cette nouvelle année scolaire soit pour chacun une année riche de découvertes, de réussites, de projets partagés et de belles rencontres.</p>



<p>Très belle année scolaire à toutes et à tous.</p>



<p>Marie-Andrée Gagneré</p>



<p>Cheffe d’établissement</p>



<p></p>

<p>Bienvenue à l&rsquo;école Saint Maurice ! Chers élèves, chers parents, C&rsquo;est avec beaucoup de joie et d&rsquo;enthousiasme que je vous souhaite la bienvenue à l&rsquo;école Saint Maurice pour cette nouvelle année scolaire. Cette rentrée revêt pour moi une signification toute particulière puisque j&rsquo;ai l&rsquo;honneur de rejoindre cette belle communauté éducative en tant que nouvelle cheffe</p>
<p><a href="https://www.ecole-stmaurice.fr/index.php/mot-de-la-directrice/" class="more-link">Lire la suite</a></p>
