{"id":115,"date":"2019-06-18T23:32:53","date_gmt":"2019-06-18T21:32:53","guid":{"rendered":"http:\/\/www.wordpress.ecole-stmaurice.fr\/?page_id=115"},"modified":"2025-11-28T09:15:56","modified_gmt":"2025-11-28T08:15:56","slug":"cantine","status":"publish","type":"page","link":"https:\/\/www.ecole-stmaurice.fr\/index.php\/cantine\/","title":{"rendered":"Horaires"},"content":{"rendered":"\n<h2 class=\"wp-block-heading\"><strong>C\u00f4t\u00e9 \u00e9l\u00e9mentaire :<\/strong><\/h2>\n\n\n\n<p><strong>Matin :<\/strong><\/p>\n\n\n\n<ul class=\"wp-block-list\">\n<li>Ouverture des portes \u00e0 8h05<\/li>\n\n\n\n<li>Classe de 8h15 \u00e0 11h30 <\/li>\n\n\n\n<li>Sortie : 11h30<\/li>\n<\/ul>\n\n\n\n<p><strong>Apr\u00e8s-midi&nbsp;:<\/strong><\/p>\n\n\n\n<ul class=\"wp-block-list\">\n<li>Ouverture des portes \u00e0 13h20<\/li>\n\n\n\n<li>Classe de 13h30 \u00e0 16h30 <\/li>\n\n\n\n<li>Sortie : 16h30<\/li>\n<\/ul>\n\n\n\n<p><\/p>\n\n\n\n<h2 class=\"wp-block-heading\"><strong>C\u00f4t\u00e9 maternelle :<\/strong><\/h2>\n\n\n\n<p><strong>Matin <\/strong>:<\/p>\n\n\n\n<ul class=\"wp-block-list\">\n<li>Ouverture des portes \u00e0 8h15 (MS, GS) et \u00e0 8h20 (PS)<\/li>\n\n\n\n<li>Classe de 8h30 \u00e0 11h20<\/li>\n\n\n\n<li>Sortie : 11h20 \u00e0 11h30<\/li>\n<\/ul>\n\n\n\n<p><strong>Apr\u00e8s-midi :<\/strong><\/p>\n\n\n\n<ul class=\"wp-block-list\">\n<li>Ouverture des portes \u00e0 13h20<\/li>\n\n\n\n<li>Classe de 13h30 \u00e0 16h15<\/li>\n\n\n\n<li>Sortie : 16h15 (PS) et 16h20-16h30 (MS, GS)<\/li>\n<\/ul>\n\n\n\n<p><\/p>\n\n\n\n<h2 class=\"wp-block-heading\"><strong>Organisation des entr\u00e9es \/ sorties :<\/strong><\/h2>\n\n\n\n<p>Les enfants sont accompagn\u00e9s par une personne responsable (parent, accompagnant d\u00e9sign\u00e9) jusqu&rsquo;au surveillant \u00e0 la porte de l&rsquo;\u00e9cole. <\/p>\n\n\n\n<p>Les enfants sont r\u00e9cup\u00e9r\u00e9s \u00e0 la fin de chaque demi-journ\u00e9e aux portes de l&rsquo;\u00e9cole (c\u00f4t\u00e9 \u00e9l\u00e9mentaire ou maternelle).<\/p>\n\n\n\n<p>Une fois sortis de l&rsquo;\u00e9tablissement, les enfants sont sous la responsabilit\u00e9 de leurs accompagnants (parents, personnes responsable d\u00e9sign\u00e9es).<\/p>\n\n\n\n<p>En maternelle et en \u00e9l\u00e9mentaire, il est demand\u00e9 aux parents de ne laisser dans l\u2019enceinte de l\u2019\u00e9cole, <strong>ni poussettes, ni trottinettes, pour des raisons de s\u00e9curit\u00e9<\/strong>.<\/p>\n","protected":false},"excerpt":{"rendered":"<p>C\u00f4t\u00e9 \u00e9l\u00e9mentaire : Matin : Apr\u00e8s-midi&nbsp;: C\u00f4t\u00e9 maternelle : Matin : Apr\u00e8s-midi : Organisation des entr\u00e9es \/ sorties : Les enfants sont accompagn\u00e9s par une personne responsable (parent, accompagnant d\u00e9sign\u00e9) jusqu&rsquo;au surveillant \u00e0 la porte de l&rsquo;\u00e9cole. Les enfants sont r\u00e9cup\u00e9r\u00e9s \u00e0 la fin de chaque demi-journ\u00e9e aux portes de l&rsquo;\u00e9cole (c\u00f4t\u00e9 \u00e9l\u00e9mentaire ou maternelle).<\/p>\n<p><a href=\"https:\/\/www.ecole-stmaurice.fr\/index.php\/cantine\/\" class=\"more-link\">Lire la suite<\/a><\/p>\n","protected":false},"author":1,"featured_media":0,"parent":0,"menu_order":0,"comment_status":"closed","ping_status":"closed","template":"","meta":{"footnotes":""},"class_list":["post-115","page","type-page","status-publish","hentry"],"_links":{"self":[{"href":"https:\/\/www.ecole-stmaurice.fr\/index.php\/wp-json\/wp\/v2\/pages\/115","targetHints":{"allow":["GET"]}}],"collection":[{"href":"https:\/\/www.ecole-stmaurice.fr\/index.php\/wp-json\/wp\/v2\/pages"}],"about":[{"href":"https:\/\/www.ecole-stmaurice.fr\/index.php\/wp-json\/wp\/v2\/types\/page"}],"author":[{"embeddable":true,"href":"https:\/\/www.ecole-stmaurice.fr\/index.php\/wp-json\/wp\/v2\/users\/1"}],"replies":[{"embeddable":true,"href":"https:\/\/www.ecole-stmaurice.fr\/index.php\/wp-json\/wp\/v2\/comments?post=115"}],"version-history":[{"count":9,"href":"https:\/\/www.ecole-stmaurice.fr\/index.php\/wp-json\/wp\/v2\/pages\/115\/revisions"}],"predecessor-version":[{"id":1822,"href":"https:\/\/www.ecole-stmaurice.fr\/index.php\/wp-json\/wp\/v2\/pages\/115\/revisions\/1822"}],"wp:attachment":[{"href":"https:\/\/www.ecole-stmaurice.fr\/index.php\/wp-json\/wp\/v2\/media?parent=115"}],"curies":[{"name":"wp","href":"https:\/\/api.w.org\/{rel}","templated":true}]}}

<h2 class="wp-block-heading"><strong>Côté élémentaire :</strong></h2>



<p><strong>Matin :</strong></p>



<ul class="wp-block-list">
<li>Ouverture des portes à 8h05</li>



<li>Classe de 8h15 à 11h30 </li>



<li>Sortie : 11h30</li>
</ul>



<p><strong>Après-midi&nbsp;:</strong></p>



<ul class="wp-block-list">
<li>Ouverture des portes à 13h20</li>



<li>Classe de 13h30 à 16h30 </li>



<li>Sortie : 16h30</li>
</ul>



<p></p>



<h2 class="wp-block-heading"><strong>Côté maternelle :</strong></h2>



<p><strong>Matin </strong>:</p>



<ul class="wp-block-list">
<li>Ouverture des portes à 8h15 (MS, GS) et à 8h20 (PS)</li>



<li>Classe de 8h30 à 11h20</li>



<li>Sortie : 11h20 à 11h30</li>
</ul>



<p><strong>Après-midi :</strong></p>



<ul class="wp-block-list">
<li>Ouverture des portes à 13h20</li>



<li>Classe de 13h30 à 16h15</li>



<li>Sortie : 16h15 (PS) et 16h20-16h30 (MS, GS)</li>
</ul>



<p></p>



<h2 class="wp-block-heading"><strong>Organisation des entrées / sorties :</strong></h2>



<p>Les enfants sont accompagnés par une personne responsable (parent, accompagnant désigné) jusqu&rsquo;au surveillant à la porte de l&rsquo;école. </p>



<p>Les enfants sont récupérés à la fin de chaque demi-journée aux portes de l&rsquo;école (côté élémentaire ou maternelle).</p>



<p>Une fois sortis de l&rsquo;établissement, les enfants sont sous la responsabilité de leurs accompagnants (parents, personnes responsable désignées).</p>



<p>En maternelle et en élémentaire, il est demandé aux parents de ne laisser dans l’enceinte de l’école, <strong>ni poussettes, ni trottinettes, pour des raisons de sécurité</strong>.</p>

<p>Côté élémentaire : Matin : Après-midi&nbsp;: Côté maternelle : Matin : Après-midi : Organisation des entrées / sorties : Les enfants sont accompagnés par une personne responsable (parent, accompagnant désigné) jusqu&rsquo;au surveillant à la porte de l&rsquo;école. Les enfants sont récupérés à la fin de chaque demi-journée aux portes de l&rsquo;école (côté élémentaire ou maternelle).</p>
<p><a href="https://www.ecole-stmaurice.fr/index.php/cantine/" class="more-link">Lire la suite</a></p>
